What are the prime factors of 861?
3, 7, 41
What are the prime factors of 39591?
3, 53, 83
List the prime factors of 144292.
2, 36073
List the prime factors of 879.
3, 293
What are the prime factors of 66895?
5, 17, 787
What are the prime factors of 843?
3, 281
What are the prime factors of 3570?
2, 3, 5, 7, 17
What are the prime factors of 8172?
2, 3, 227
What are the prime factors of 16154?
2, 41, 197
List the prime factors of 34483.
34483
What are the prime factors of 10959?
3, 13, 281
List the prime factors of 5282.
2, 19, 139
List the prime factors of 1982.
2, 991
What are the prime factors of 78?
2, 3, 13
List the prime factors of 22698.
2, 3, 13, 97
List the prime factors of 3562.
2, 13, 137
List the prime factors of 28228.
2, 7057
What are the prime factors of 1335?
3, 5, 89
List the prime factors of 27035.
5, 5407
What are the prime factors of 7002?
2, 3, 389
What are the prime factors of 698?
2, 349
List the prime factors of 17050.
2, 5, 11, 31
What are the prime factors of 22793?
23, 991
List the prime factors of 1077.
3, 359
List the prime factors of 945.
3, 5, 7
List the prime factors of 8042.
2, 4021
List the prime factors of 1554.
2, 3, 7, 37
What are the prime factors of 3372?
2, 3, 281
List the prime factors of 25521.
3, 47, 181
What are the prime factors of 27308?
2, 6827
List the prime factors of 1391.
13, 107
List the prime factors of 9603.
3, 11, 97
What are the prime factors of 28359?
3, 23, 137
What are the prime factors of 44704?
2, 11, 127
List the prime factors of 23442.
2, 3, 3907
List the prime factors of 22456.
2, 7, 401
List the prime factors of 1405.
5, 281
What are the prime factors of 31295?
5, 11, 569
What are the prime factors of 5892?
2, 3, 491
List the prime factors of 5213.
13, 401
What are the prime factors of 7595?
5, 7, 31
List the prime factors of 2875.
5, 23
What are the prime factors of 60792?
2, 3, 17, 149
What are the prime factors of 5610?
2, 3, 5, 11, 17
List the prime factors of 1243.
11, 113
What are the prime factors of 158141?
158141
List the prime factors of 2906.
2, 1453
List the prime factors of 5061.
3, 7, 241
What are the prime factors of 1302?
2, 3, 7, 31
List the prime factors of 6273.
3, 17, 41
What are the prime factors of 1914?
2, 3, 11, 29
What are the prime factors of 29708?
2, 7, 1061
What are the prime factors of 141284?
2, 11, 13, 19
What are the prime factors of 15378?
2, 3, 11, 233
What are the prime factors of 48567?
3, 16189
What are the prime factors of 21807?
3, 2423
What are the prime factors of 3417?
3, 17, 67
What are the prime factors of 2806?
2, 23, 61
List the prime factors of 30721.
31, 991
What are the prime factors of 6591?
3, 13
List the prime factors of 9038.
2, 4519
List the prime factors of 2616.
2, 3, 109
List the prime factors of 209.
11, 19
List the prime factors of 3780.
2, 3, 5, 7
What are the prime factors of 2574?
2, 3, 11, 13
List the prime factors of 2107.
7, 43
What are the prime factors of 7545?
3, 5, 503
What are the prime factors of 128213?
128213
List the prime factors of 863.
863
List the prime factors of 2273.
2273
What are the prime factors of 14113?
11, 1283
List the prime factors of 2095.
5, 419
What are the prime factors of 2535?
3, 5, 13
What are the prime factors of 2794?
2, 11, 127
List the prime factors of 70061.
70061
List the prime factors of 4005.
3, 5, 89
List the prime factors of 3472.
2, 7, 31
List the prime factors of 537.
3, 179
List the prime factors of 1086.
2, 3, 181
List the prime factors of 71.
71
What are the prime factors of 1025?
5, 41
List the prime factors of 60164.
2, 13, 89
List the prime factors of 7684.
2, 17, 113
What are the prime factors of 4213?
11, 383
What are the prime factors of 3782?
2, 31, 61
What are the prime factors of 30149?
7, 59, 73
What are the prime factors of 7785?
3, 5, 173
List the prime factors of 1740.
2, 3, 5, 29
What are the prime factors of 1018?
2, 509
What are the prime factors of 16819?
11, 139
List the prime factors of 23.
23
What are the prime factors of 5381?
5381
List the prime factors of 4387.
41, 107
What are the prime factors of 7017?
3, 2339
What are the prime factors of 2594?
2, 1297
What are the prime factors of 288?
2, 3
What are the prime factors of 107755?
5, 23, 937
What are the prime factors of 5981?
5981
List the prime factors of 148101.
3, 49367
What are the prime factors of 2273?
2273
What are the prime factors of 19772?
2, 4943
What are the prime factors of 308?
2, 7, 11
What are the prime factors of 184?
2, 23
What are the prime factors of 1142?
2, 571
List the prime factors of 55085.
5, 23, 479
List the prime factors of 23792.
2, 1487
List the prime factors of 66547.
13, 5119
What are the prime factors of 573?
3, 191
List the prime factors of 10051.
19, 23
What are the prime factors of 30641?
13, 2357
What are the prime factors of 695?
5, 139
List the prime factors of 19371.
3, 11, 587
List the prime factors of 7358.
2, 13, 283
List the prime factors of 2659.
2659
What are the prime factors of 1758?
2, 3, 293
What are the prime factors of 1318?
2, 659
What are the prime factors of 25873?
25873
What are the prime factors of 18318?
2, 3, 43, 71
List the prime factors of 442.
2, 13, 17
What are the prime factors of 59044?
2, 29, 509
What are the prime factors of 4535?
5, 907
List the prime factors of 8202.
2, 3, 1367
List the prime factors of 1376.
2, 43
List the prime factors of 4705.
5, 941
What are the prime factors of 53656?
2, 19, 353
List the prime factors of 2920.
2, 5, 73
What are the prime factors of 27840?
2, 3, 5, 29
List the prime factors of 453.
3, 151
List the prime factors of 1247.
29, 43
List the prime factors of 4514.
2, 37, 61
What are the prime factors of 16002?
2, 3, 7, 127
List the prime factors of 8435.
5, 7, 241
List the prime factors of 1695.
3, 5, 113
List the prime factors of 479.
479
List the prime factors of 32650.
2, 5, 653
List the prime factors of 1109.
1109
What are the prime factors of 1283?
1283
What are the prime factors of 3193?
31, 103
List the prime factors of 631.
631
List the prime factors of 1171.
1171
List the prime factors of 9878.
2, 11, 449
What are the prime factors of 518?
2, 7, 37
What are the prime factors of 17042?
2, 8521
What are the prime factors of 13674?
2, 3, 43, 53
What are the prime factors of 6616?
2, 827
What are the prime factors of 9055?
5, 1811
What are the prime factors of 104967?
3, 107, 109
List the prime factors of 1800.
2, 3, 5
List the prime factors of 179.
179
List the prime factors of 17164.
2, 7, 613
List the prime factors of 24795.
3, 5, 19, 29
List the prime factors of 1449.
3, 7, 23
What are the prime factors of 12864?
2, 3, 67
List the prime factors of 75025.
5, 3001
List the prime factors of 23332.
2, 19, 307
What are the prime factors of 727?
727
What are the prime factors of 5951?
11, 541
What are the prime factors of 100692?
2, 3, 2797
What are the prime factors of 72778?
2, 36389
List the prime factors of 582.
2, 3, 97
List the prime factors of 2381.
2381
List the prime factors of 29.
29
What are the prime factors of 259?
7, 37
What are the prime factors of 99683?
83, 1201
What are the prime factors of 8519?
7, 1217
What are the prime factors of 3013?
23, 131
List the prime factors of 743.
743
What are the prime factors of 1388?
2, 347
What are the prime factors of 14317?
103, 139
What are the prime factors of 1337?
7, 191
List the prime factors of 3201.
3, 11, 97
What are the prime factors of 1609?
1609
What are the prime factors of 12021?
3, 4007
List the prime factors of 4173.
3, 13, 107
What are the prime factors of 425?
5, 17
What are the prime factors of 11691?
3, 433
List the prime factors of 2200.
2, 5, 11
What are the prime factors of 2286?
2, 3, 127
What are the prime factors of 1858?
2, 929
What are the prime factors of 4632?
2, 3, 193
What are the prime factors of 4017?
3, 13, 103
List the prime factors of 3865.
5, 773
List the prime factors of 11624.
2, 1453
What are the prime factors of 1864?
2, 233
What are the prime factors of 17495?
5, 3499
List the prime factors of 1893.
3, 631
List the prime factors of 187.
11, 17
What are the prime factors of 11992?
2, 1499
List the prime factors of 2155.
5, 431
List the prime factors of 4702.
2, 2351
List the prime factors of 605